t common divisor of h and 48.
6
Suppose -5*w - 5 = -3*o, 0*o + 14 = 2*o + 2*w. What is the greatest common divisor of 25 and o?
5
Let h = -209 + 299. Suppose 3*m - h = 9. Suppose -2*b + 7*b = 55. What is the highest common factor of b and m?
11
Let y be 0 + -1 + (6 - -1). Let i(v) = v**2 + 11*v - 5. Let o be i(-12). Suppose 5*k = o*k - 60. Calculate the highest common divisor of k and y.
6
Suppose 1404 + 756 = 8*s. What is the highest common divisor of 30 and s?
30
Let u be 12*(1 - 3)/(-6). Suppose -109 = -3*t + b + 1, -u*b = -3*t + 116. Calculate the greatest common factor of t and 18.
18
Suppose 0 = 3*f - 2*p - 70, -4*p - 34 = -2*f + 26. Calculate the greatest common factor of f and 100.
20
Let f(h) = 3*h + 7. Let a be f(-7). Let y be 2/7 - 80/a. Suppose y*r - 132 = 3*r. Calculate the highest common factor of r and 11.
11
Let q(y) = 26*y - 4. Let j be (-3)/9*(2 - 17). Let g be q(j). Calculate the highest common factor of g and 14.
14
Suppose 5*n - 3*n + p = 13, 3*n - 33 = 3*p. Let w(y) = -y**3 + 2*y + 2. Let t be w(-2). Suppose -k + 504 = t*k. Calculate the greatest common factor of k and n.
8
Suppose -68 + 13 = -5*b. Suppose -3*x + 17 = -u + 2*x, -x = -5*u + b. What is the greatest common factor of 3 and u?
3
Suppose 0 = h - 2*h + 40. Suppose 2*b - h = -2*b. What is the greatest common divisor of b and 20?
10
Let y(l) = -l**2 - 9*l. Let z be y(-9). Suppose -3*o + 8*o - 75 = z. What is the greatest common factor of 5 and o?
5
Let v be 64/3 - (-3)/(-9). Suppose 1 = 3*w - 8. What is the highest common divisor of w and v?
3
Let x = 1 + -10. Let y(p) = -7*p - 3. Let v be y(x). Calculate the greatest common factor of 20 and v.
20
Suppose 77 - 17 = 2*v. Let l be (22/33)/(1/66). Let z = l - v. What is the greatest common divisor of 14 and z?
14
Let z = 30 - 21. Suppose -2*g + 3*g = -3*a + 105, -2*a + g + 75 = 0. Calculate the highest common divisor of z and a.
9
Let u = -36 + 66. Let f(s) = -6*s**3 + s**2 + 3*s + 2. Let a be f(3). Let j be a/(-7) - (-4)/(-14). What is the greatest common factor of j and u?
10
Suppose 5*z - 2*v - 55 = 0, 3*v + 8 + 7 = 0. Calculate the greatest common divisor of 1 and z.
1
Suppose -4*n + 72 = -n. Calculate the greatest common factor of n and 16.
8
Let g(r) = r**2 - 3*r. Let j = -5 - -8. Let w be g(j). Let m(c) = c + 6. Let z be m(w). What is the greatest common divisor of z and 2?
2
Suppose 4*b = -46 + 190. Calculate the greatest common factor of 216 and b.
36
Let v be (-4)/8 - 15/(-2). Suppose -22 + v = -3*d. Calculate the highest common divisor of d and 5.
5
Let l(k) = -3*k**2 - 3*k**3 - 3*k**3 - k**2 + 7*k**3 - 7*k - 6. Let y be l(6). Calculate the highest common factor of 72 and y.
24
Let u = 22 - 14. Let h = 2 - -1. Suppose -2*k + 20 = 2*k + h*y, -3*k + 4 = 5*y. What is the highest common divisor of u and k?
8
Let o(i) = i**3 + 14*i**2 - 15*i - 12. Let v be o(-14). What is the greatest common divisor of v and 18?
18
Suppose 7*o = -16 + 135. Calculate the highest common factor of 85 and o.
17
Let t be (-187)/(-33) - 1/(-3). Calculate the highest common divisor of t and 54.
6
Let z be (-10 + 8)*1*-1. Calculate the greatest common divisor of 18 and z.
2
Suppose -2*r + 2*z = -2, 2*z - 4 = -r - 3. Let p = 21 + -39. Let o be 6/p + 16/3. Calculate the highest common divisor of o and r.
1
Let n(c) be the third derivative of c**6/120 - 7*c**5/60 - c**4/4 - 4*c**3/3 + 5*c**2. Let g be n(8). Calculate the highest common divisor of 16 and g.
8
Suppose -3*w - 5 = 2*w. Let l(n) = 8*n**2. Let s be l(w). What is the greatest common factor of s and 72?
8
Let o = -6 - -29. What is the greatest common divisor of o and 253?
23
Let g(o) = -4*o**3 + o**2 + 2. Let t be g(-2). Let a = t + -22. Let s(i) = i**3 + 3*i**2 + 4*i. Let b be s(4). Calculate the greatest common divisor of b and a.
16
Let a(g) = 3*g + 2*g**2 - 3 + 7 + 7*g. Let u be a(-7). Let s(b) = -b**3 - b**2 - b + 8. Let j be s(0). What is the greatest common factor of u and j?
8
Let w = 23 + -14. Let f = w + -3. Suppose 3*s = -4*g + f*s + 9, 3*g - 43 = -5*s. What is the greatest common divisor of 12 and g?
6
Suppose 2*p = -5*d + 92 + 28, -2*p = d - 24. Let x be 5 + -2 + -5 + 5. Calculate the greatest common divisor of d and x.
3
Suppose -3*z = 2*p + 101, -3*z - 3*p = 2*p + 104. Let c = -15 - z. Calculate the greatest common divisor of 54 and c.
18
Let l = 62 - -2. What is the highest common divisor of l and 160?
32
Let r = 10 + -7. Suppose -2*x + 65 = r*x. What is the highest common divisor of 117 and x?
13
Suppose 2*z - 3 = 3*o + 3, -25 = -5*z + 5*o. Let j be ((-1)/(-3)*-2)/(16/(-864)). What is the highest common divisor of z and j?
9
Suppose -7*z + 87 = -25. Calculate the greatest common divisor of 64 and z.
16
Let p(x) = -x**3 + 7*x**2 - 3*x - 1. Let q be p(4). What is the highest common factor of q and 5?
5
Let z(f) = -2*f - 14. Let d(u) = -1. Suppose 2 = -0*t + 2*t. Let o(k) = t*z(k) - 4*d(k). Let r be o(-11). Calculate the greatest common divisor of r and 6.
6
Let y(u) = -96*u**2 - 1. Let x be y(1). Let b = x - -163. What is the greatest common factor of b and 11?
11
Let i be 0 + -5 + 10 - -11. Calculate the highest common divisor of i and 24.
8
Let m be 1/5 - 957/(-165). Let z be ((-3)/2)/(2/(-56)). What is the highest common divisor of z and m?
6
Suppose 5*x - p + 2 = 7, -p - 5 = 0. Suppose -3*n - n + 108 = x. Suppose 16 = 4*y - 20. Calculate the greatest common factor of n and y.
9
Let q be (-2)/(-6)*(-1 - -10). Suppose -2*c + 131 = q*s, 3*c + s - 198 = -3*s. What is the highest common divisor of c and 28?
14
Let k be (0 - (1 + -2)) + 1. Calculate the greatest common divisor of 6 and k.
2
Let g be ((-6)/15)/(2/(-130)). Suppose 10 = -2*a + g. What is the highest common factor of a and 8?
8
Let a(d) = 9*d + 14. Let f be a(0). Let o = -8 + 15. What is the greatest common factor of f and o?
7
Suppose 11*k - 120 = 5*k. What is the highest common factor of 60 and k?
20
Suppose -5*a + 248 = -142. Let d be (-10)/(-4)*a/65. What is the greatest common factor of d and 12?
3
Suppose 16 = -3*t - t. Let h be -1 - 1/(t/184). Calculate the greatest common factor of 5 and h.
5
Let p(t) = -t. Suppose -31 = 3*s - 4*a, 3*s + 26 - 3 = 2*a. Let v be p(s). Let j = 41 - v. Calculate the highest common divisor of j and 9.
9
Suppose 0 = -5*s + 10, -u + s = -2*s - 4. Suppose k - u = -1. Suppose -5*q + k + 11 = 0. Calculate the greatest common divisor of q and 20.
4
Let s(f) = 12*f - 33. Let b be s(5). What is the highest common factor of b and 3?
3
Let r be (-18)/(-4)*(-4)/(-6). Suppose -r*x + 28 = -x. What is the highest common factor of 84 and x?
14
Suppose 2*w - 1 = 4*m - 137, 2*m - 2*w = 68. Calculate the greatest common divisor of m and 17.
17
Let p(t) = -3*t + 27. Let d be p(8). Calculate the highest common divisor of d and 33.
3
Let d(y) = -y - 2. Let h be d(-3). What is the greatest common divisor of h and 11?
1
Suppose -10 = -7*q + 2*q. Calculate the highest common factor of q and 14.
2
Let x be (-1)/(-5) + 395/25. What is the highest common divisor of x and 64?
16
Let j be 0 + 8/((-8)/(-15)). Suppose -3*t = 2*t - j. What is the highest common divisor of t and 33?
3
Let j(w) = -3*w + 4. Let p be j(-3). Suppose -28 = -s - 2. What is the highest common factor of s and p?
13
Let a be 4/(-24)*-20*(-297)/(-5). What is the highest common factor of a and 18?
18
Let m(d) = -6*d - 2. Let s be (-2)/5 - 576/(-15). Let i be 5/(-20) + s/(-8). Let n be m(i). Calculate the highest common factor of n and 4.
4
Suppose -7*d = -6*d - 30. Calculate the greatest common factor of 5 and d.
5
Suppose 0 = -3*f - 0*f + 36. What is the highest common divisor of f and 3?
3
Let v = 21 - 15. What is the highest common factor of v and 3?
3
Let i be 21/7 - (-55 - 1). Suppose 0 = 2*d + b - 6*b - i, -d + 4*b + 22 = 0. Suppose -35 = -c + d. What is the highest common factor of c and 7?
7
Let a be 1 + 1 - (-152 + 0). Calculate the highest common divisor of a and 14.
14
Suppose 5*b = -2*y + 13, 0 = 2*y - 3*b + 7*b - 10. Let k be y - -1 - -4*60. Suppose o + k = 6*o. What is the greatest common divisor of 8 and o?
8
Let y be 48/40*(-110)/(-4). Calculate the highest common factor of 11 and y.
11
Suppose g + 72 = 9*g. Calculate the greatest common factor of 81 and g.
9
Let m(b) = -2*b**3 - 2*b**2 - b. Let v be m(-1).